{"id":5,"date":"2014-02-22T19:42:50","date_gmt":"2014-02-22T17:42:50","guid":{"rendered":"https:\/\/www.deitingen-nord.ch\/?page_id=5"},"modified":"2014-02-23T01:19:42","modified_gmt":"2014-02-22T23:19:42","slug":"alte-freunde","status":"publish","type":"page","link":"https:\/\/www.deitingen-nord.ch\/?page_id=5","title":{"rendered":"Alte Freunde"},"content":{"rendered":"<p style=\"text-align: justify;\"><strong>Montag, 15.12.2008 \/ 04:22h<\/strong><\/p>\n<p style=\"text-align: justify;\"><strong>Oli:<\/strong> Soweit ich mich erinnern kann, kennen wir uns schon seit ungef\u00e4hr 30 Jahren. Genau kann das niemend sagen, aber wir tuckerten noch mit unseren Mopets von Ort zu Ort. Unsere damalige Leidenschaft galt dem CB-Funk. Mit T\u00f6ffli und 3 Kanal Handguge bewaffnet, t\u00f6nte es des \u00f6ffteren: Pneu65 an xxx antworten! 1984 gab es noch kein \u00f6ffentliches Internet wie heute oder ein Handy, MSN oder andere Kommunikationsmittel.<\/p>\n<p><strong>Philippe:<\/strong> Text kommt noch&#8230;<\/p>\n","protected":false},"excerpt":{"rendered":"<p>Montag, 15.12.2008 \/ 04:22h Oli: Soweit ich mich erinnern kann, kennen wir uns schon seit ungef\u00e4hr 30 Jahren. Genau kann das niemend sagen, aber wir tuckerten noch mit unseren Mopets von Ort zu Ort. Unsere damalige Leidenschaft galt dem CB-Funk. Mit T\u00f6ffli und 3 Kanal Handguge bewaffnet, t\u00f6nte es des \u00f6ffteren: Pneu65 an xxx antworten! [&hellip;]<\/p>\n","protected":false},"author":2,"featured_media":0,"parent":0,"menu_order":0,"comment_status":"closed","ping_status":"closed","template":"","meta":{"footnotes":"","_links_to":"","_links_to_target":""},"class_list":["post-5","page","type-page","status-publish","hentry"],"_links":{"self":[{"href":"https:\/\/www.deitingen-nord.ch\/index.php?rest_route=\/wp\/v2\/pages\/5","targetHints":{"allow":["GET"]}}],"collection":[{"href":"https:\/\/www.deitingen-nord.ch\/index.php?rest_route=\/wp\/v2\/pages"}],"about":[{"href":"https:\/\/www.deitingen-nord.ch\/index.php?rest_route=\/wp\/v2\/types\/page"}],"author":[{"embeddable":true,"href":"https:\/\/www.deitingen-nord.ch\/index.php?rest_route=\/wp\/v2\/users\/2"}],"replies":[{"embeddable":true,"href":"https:\/\/www.deitingen-nord.ch\/index.php?rest_route=%2Fwp%2Fv2%2Fcomments&post=5"}],"version-history":[{"count":4,"href":"https:\/\/www.deitingen-nord.ch\/index.php?rest_route=\/wp\/v2\/pages\/5\/revisions"}],"predecessor-version":[{"id":29,"href":"https:\/\/www.deitingen-nord.ch\/index.php?rest_route=\/wp\/v2\/pages\/5\/revisions\/29"}],"wp:attachment":[{"href":"https:\/\/www.deitingen-nord.ch\/index.php?rest_route=%2Fwp%2Fv2%2Fmedia&parent=5"}],"curies":[{"name":"wp","href":"https:\/\/api.w.org\/{rel}","templated":true}]}}